{"id":76,"date":"2020-06-10T18:00:00","date_gmt":"2020-06-10T18:00:00","guid":{"rendered":"https:\/\/grasac.artsci.utoronto.ca\/?page_id=76"},"modified":"2020-06-22T23:23:58","modified_gmt":"2020-06-22T23:23:58","slug":"where-we-have-researched","status":"publish","type":"page","link":"https:\/\/grasac.artsci.utoronto.ca\/?page_id=76","title":{"rendered":"Where We Have Researched"},"content":{"rendered":"\n<p>Since 2006, large and small teams of GRASAC researchers have had the privilege of travelling to study thousands of wonderful Great Lakes items, belongings and beings at a number of cultural repositories around the world. Below is a list of some of the institutions GRASAC research teams have visited. We are grateful to all of the wonderful staff members at these institutions who have facilitated these research trips!<\/p>\n\n\n\n<h2 class=\"wp-block-heading\">Partner Institutions<\/h2>\n\n\n\n<p>GRASAC currently has five principle partner institutions (see below). Over the years GRASAC researchers have also been honoured to work with a number of excellent people and fascinating collections at a host of other cultural centres, museums, art galleries and archives which house Anishinaabe, Haudenosaunee and Huron-Wendat cultural materials.<\/p>\n\n\n\n<a href=\"https:\/\/woodlandculturalcentre.ca\/\"><img decoding=\"async\" src=\"https:\/\/grasac.artsci.utoronto.ca\/wp-content\/uploads\/2020\/06\/WCC_Logo_300x300_acf_cropped.png\" style=\"width:15%;float:left;\"> <div style=\"float:right;width:70%;\">\n<h3>Woodland Cultural Centre<\/h3>\n<p>\nProtecting, promoting &amp; presenting the history, language and cultural heritage of the Anishinaabe and Onkwehon:we people<\/p>\n<\/div><\/a>\n<div class=\"clear\"><\/div>\n\n\n\n<a href=\"https:\/\/ojibweculture.ca\/\"><img decoding=\"async\" src=\"https:\/\/grasac.artsci.utoronto.ca\/wp-content\/uploads\/2020\/06\/OCF_Logo_300x300_acf_cropped.png\" style=\"width:15%;float:left;\"> <div style=\"float:right;width:70%;\">\n<h3>Ojibwe Cultural Foundation<\/h3>\n<p>Preserving &amp; revitalizing the culture of the Anishinaabe people of Mnidoo Mnising (Manitoulin Island)<\/p>\n<\/div><\/a>\n<div class=\"clear\"><\/div>\n\n\n\n<a href=\"https:\/\/carleton.ca\/icslac\/\"><img decoding=\"async\" src=\"https:\/\/grasac.artsci.utoronto.ca\/wp-content\/uploads\/2020\/06\/CU_Logo.png\" style=\"width:15%;float:left;\"> <div style=\"float:right;width:70%;\">\n<h3>Institute for Comparative Studies in Literature, Art &amp; Culture &#8211; Carleton University<\/h3>\n<p>A vibrant interdisciplinary teaching and learning environment<\/p>\n<\/div><\/a>\n<div class=\"clear\"><\/div>\n\n\n\n<a href=\"https:\/\/aiisp.cornell.edu\/\"><img decoding=\"async\" src=\"https:\/\/grasac.artsci.utoronto.ca\/wp-content\/uploads\/2020\/06\/AIIS_Logo_300x300_acf_cropped.png\" style=\"width:15%;float:left;\"> <div style=\"float:right;width:70%;\">\n<h3>\nAmerican Indian &amp; Indigenous Studies Program &#8211; Cornell University\n<\/h3>\n<p>Providing American Indian &amp; Indigenous Studies courses and other educational &amp; cultural opportunities to Native students<\/p>\n<\/div><\/a>\n<div class=\"clear\"><\/div>\n\n\n\n<a href=\"https:\/\/www.history.utoronto.ca\/\"><img decoding=\"async\" src=\"https:\/\/grasac.artsci.utoronto.ca\/wp-content\/uploads\/2020\/06\/Toronto_Logo_300x300_acf_cropped.png\" style=\"width:15%;float:left;\"> <div style=\"float:right;width:70%;\">\n<h3>\nDepartment of History &#8211; University of Toronto\n<\/h3>\n<p>Interpreting the past and probing its significance through research, education &amp; life-long learning<\/p>\n<\/div><\/a>\n<div class=\"clear\"><\/div>\n\n\n\n<h2 class=\"wp-block-heading\">Archives<\/h2>\n\n\n\n<figure class=\"wp-block-image size-large is-resized\"><img loading=\"lazy\" decoding=\"async\" src=\"https:\/\/grasac.artsci.utoronto.ca\/wp-content\/uploads\/2020\/06\/CornellArchive-min-1024x690.png\" alt=\"\" class=\"wp-image-505\" width=\"832\" height=\"560\" srcset=\"https:\/\/grasac.artsci.utoronto.ca\/wp-content\/uploads\/2020\/06\/CornellArchive-min-1024x690.png 1024w, https:\/\/grasac.artsci.utoronto.ca\/wp-content\/uploads\/2020\/06\/CornellArchive-min-300x202.png 300w, https:\/\/grasac.artsci.utoronto.ca\/wp-content\/uploads\/2020\/06\/CornellArchive-min-768x517.png 768w, https:\/\/grasac.artsci.utoronto.ca\/wp-content\/uploads\/2020\/06\/CornellArchive-min-1536x1034.png 1536w, https:\/\/grasac.artsci.utoronto.ca\/wp-content\/uploads\/2020\/06\/CornellArchive-min.png 2000w\" sizes=\"auto, (max-width: 832px) 100vw, 832px\" \/><figcaption>Naomi Recollet, Crystal Migwans, Lance Heidig, David Penney, and Heidi Bohaker examine an 18th-century Treaty in the Cornell University Rare Books and Manuscript Collections (2016).<\/figcaption><\/figure>\n\n\n\n<figure class=\"wp-block-table is-style-stripes\"><table><tbody><tr><td>Archives of Ontario<\/td><td>Toronto, Canada<\/td><td><a href=\"http:\/\/www.archives.gov.on.ca\/en\/index.aspx\">http:\/\/www.archives.gov.on.ca\/en\/index.aspx<\/a><\/td><\/tr><tr><td>Centre for Kentish Studies<\/td><td>Kent, United Kingdom<\/td><td><a href=\"http:\/\/www.kent.gov.uk\/leisure-and-community\/history-and-heritage\/kent-archives\">http:\/\/www.kent.gov.uk\/leisure-and-community\/history-and-heritage\/kent-archives<\/a><\/td><\/tr><tr><td>Detroit Public Library<\/td><td>Detroit, United States<\/td><td><a href=\"http:\/\/www.detroit.lib.mi.us\/\">http:\/\/www.detroit.lib.mi.us\/<\/a><\/td><\/tr><tr><td>Library and Archives Canada<\/td><td>Ottawa, Canada<\/td><td><a href=\"http:\/\/www.bac-lac.gc.ca\/eng\/Pages\/home.aspx\">http:\/\/www.bac-lac.gc.ca\/eng\/Pages\/home.aspx<\/a><\/td><\/tr><tr><td>National Anthropological Archives, Smithsonian National Museum of Natural History<\/td><td>Washington, United States<\/td><td><a href=\"http:\/\/anthropology.si.edu\/naa\/home\/naahome.html\">http:\/\/anthropology.si.edu\/naa\/home\/naahome.html<\/a><\/td><\/tr><tr><td>National Archives and Records Administration<\/td><td>Maryland, United States<\/td><td><a href=\"https:\/\/www.archives.gov\/\">https:\/\/www.archives.gov\/<\/a><\/td><\/tr><tr><td>New York State Archives<\/td><td>Buffalo, United States<\/td><td><a href=\"http:\/\/www.archives.nysed.gov\/\">http:\/\/www.archives.nysed.gov\/<\/a><\/td><\/tr><tr><td>United Church Archives<\/td><td>Toronto, Canada<\/td><td><a href=\"http:\/\/www.united-church.ca\/leadership\/church-administration\/united-church-canada-archives\">http:\/\/www.united-church.ca\/leadership\/church-administration\/united-church-canada-archives<\/a><\/td><\/tr><tr><td>The National Archives, Public Record Office<\/td><td>Richmond, United Kingdom<\/td><td><a href=\"http:\/\/www.nationalarchives.gov.uk\/\">http:\/\/www.nationalarchives.gov.uk\/<\/a><\/td><\/tr><\/tbody><\/table><\/figure>\n\n\n\n<figure class=\"wp-block-image size-large is-resized\"><img loading=\"lazy\" decoding=\"async\" src=\"https:\/\/grasac.artsci.utoronto.ca\/wp-content\/uploads\/2020\/06\/DelawareTreatyDetail-1024x310.png\" alt=\"\" class=\"wp-image-496\" width=\"909\" height=\"274\" srcset=\"https:\/\/grasac.artsci.utoronto.ca\/wp-content\/uploads\/2020\/06\/DelawareTreatyDetail-1024x310.png 1024w, https:\/\/grasac.artsci.utoronto.ca\/wp-content\/uploads\/2020\/06\/DelawareTreatyDetail-300x91.png 300w, https:\/\/grasac.artsci.utoronto.ca\/wp-content\/uploads\/2020\/06\/DelawareTreatyDetail-768x232.png 768w, https:\/\/grasac.artsci.utoronto.ca\/wp-content\/uploads\/2020\/06\/DelawareTreatyDetail-1536x465.png 1536w, https:\/\/grasac.artsci.utoronto.ca\/wp-content\/uploads\/2020\/06\/DelawareTreatyDetail.png 2000w\" sizes=\"auto, (max-width: 909px) 100vw, 909px\" \/><figcaption>Detail of Delaware Peace Treaty, signed at Johnson House, 1765. Dodems and seals of Turtle Heart Als. Agasqua and Weeweenoaghwah. Cornell University Rare Books &amp; Manuscripts Collection.<\/figcaption><\/figure>\n\n\n\n<h2 class=\"wp-block-heading\">Cultural Centres &amp; Art Galleries<\/h2>\n\n\n\n<figure class=\"wp-block-image size-large is-resized\"><img loading=\"lazy\" decoding=\"async\" src=\"https:\/\/grasac.artsci.utoronto.ca\/wp-content\/uploads\/2020\/06\/DIA_crop.png\" alt=\"\" class=\"wp-image-498\" width=\"977\" height=\"444\" srcset=\"https:\/\/grasac.artsci.utoronto.ca\/wp-content\/uploads\/2020\/06\/DIA_crop.png 800w, https:\/\/grasac.artsci.utoronto.ca\/wp-content\/uploads\/2020\/06\/DIA_crop-300x137.png 300w, https:\/\/grasac.artsci.utoronto.ca\/wp-content\/uploads\/2020\/06\/DIA_crop-768x349.png 768w\" sizes=\"auto, (max-width: 977px) 100vw, 977px\" \/><figcaption>GRASAC Research team at the Detroit Institute of Arts: Darlene Johnston, Alan Corbiere, David Penney, Adriana Greci Green, Crystal Migwans (2011).<\/figcaption><\/figure>\n\n\n\n<figure class=\"wp-block-table is-style-stripes\"><table><tbody><tr><td>Akwesasne Cultural Centre<\/td><td>Hogansburg, United States<\/td><td><a href=\"http:\/\/akwesasneculturalcenter.org\/\">http:\/\/akwesasneculturalcenter.org\/<\/a><\/td><\/tr><tr><td>Blair Castle<\/td><td>Perthshire, United Kingdom<\/td><td><a href=\"http:\/\/blair-castle.co.uk\/\">http:\/\/blair-castle.co.uk\/<\/a><\/td><\/tr><tr><td>Curve Lake Cultural Centre<\/td><td>Curve Lake First Nation, Canada<\/td><td><a href=\"http:\/\/www.curvelakeculturalcentre.ca\/\">http:\/\/www.curvelakeculturalcentre.ca<\/a><\/td><\/tr><tr><td>Chippewas of Nawash Unceded First Nation<\/td><td>Wiarton, Canada<\/td><td><a href=\"https:\/\/www.nawash.ca\/\">https:\/\/www.nawash.ca\/<\/a><\/td><\/tr><tr><td>Chippewas of Rama First Nation<\/td><td>Rama, Canada<\/td><td><a href=\"http:\/\/www.mnjikaning.ca\/Pages\/default.aspx\">http:\/\/www.mnjikaning.ca\/Pages\/default.aspx<\/a><\/td><\/tr><tr><td>Kanien\u2019keh\u00e1:ka Onkwaw\u00e9n:na Raotiti\u00f3hkwa Language and Cultural Center<\/td><td>Kahnawake Mohawk Nation<\/td><td><a href=\"http:\/\/korkahnawake.org\/\">http:\/\/korkahnawake.org\/<\/a><\/td><\/tr><tr><td>National Gallery of Canada<\/td><td>Ottawa, Canada<\/td><td><a href=\"https:\/\/www.gallery.ca\/\">https:\/\/www.gallery.ca\/<\/a><\/td><\/tr><tr><td>Native North American Travelling College<\/td><td>Akwesasne Mohawk Nation<\/td><td><a href=\"http:\/\/nnatc.org\/\">http:\/\/nnatc.org<\/a><\/td><\/tr><tr><td>Native Canadian Centre of Toronto<\/td><td>Toronto, Canada<\/td><td><a href=\"http:\/\/ncct.on.ca\/\">http:\/\/ncct.on.ca\/<\/a><\/td><\/tr><tr><td>Ojibwe Cultural Foundation<\/td><td>M\u2019Chigeeng, Canada<\/td><td><a href=\"https:\/\/ojibwe-cultural-foundation.myshopify.com\/\">https:\/\/ojibwe-cultural-foundation.myshopify.com\/<\/a><\/td><\/tr><tr><td>William Jamieson Ancient and Tribal Art<\/td><td>Toronto, Canada<\/td><td>&nbsp;<\/td><\/tr><tr><td>Woodland Cultural Centre<\/td><td>Brantford, Canada<\/td><td><a href=\"http:\/\/www.woodland-centre.on.ca\/\">http:\/\/www.woodland-centre.on.ca\/<\/a><\/td><\/tr><\/tbody><\/table><\/figure>\n\n\n\n<figure class=\"wp-block-image size-large is-resized\"><img loading=\"lazy\" decoding=\"async\" src=\"https:\/\/grasac.artsci.utoronto.ca\/wp-content\/uploads\/2020\/06\/Al_Geneva2014-crop-min-1024x660.png\" alt=\"\" class=\"wp-image-502\" width=\"820\" height=\"527\" srcset=\"https:\/\/grasac.artsci.utoronto.ca\/wp-content\/uploads\/2020\/06\/Al_Geneva2014-crop-min-300x193.png 300w, https:\/\/grasac.artsci.utoronto.ca\/wp-content\/uploads\/2020\/06\/Al_Geneva2014-crop-min-768x495.png 768w, https:\/\/grasac.artsci.utoronto.ca\/wp-content\/uploads\/2020\/06\/Al_Geneva2014-crop-min.png 2000w\" sizes=\"auto, (max-width: 820px) 100vw, 820px\" \/><figcaption>Alan Corbiere (and Paula Whitlow) with a beautiful birchbark model canoe, in the collections of the&nbsp;Mus\u00e9e d\u2019Ethnographie de Gen\u00e8ve (2013).<br><\/figcaption><\/figure>\n\n\n\n<h2 class=\"wp-block-heading\">Museums<\/h2>\n\n\n\n<figure class=\"wp-block-image size-large is-resized\"><img loading=\"lazy\" decoding=\"async\" src=\"https:\/\/grasac.artsci.utoronto.ca\/wp-content\/uploads\/2020\/06\/BritishMuseumGroup2-min-1024x493.png\" alt=\"\" class=\"wp-image-503\" width=\"880\" height=\"423\" srcset=\"https:\/\/grasac.artsci.utoronto.ca\/wp-content\/uploads\/2020\/06\/BritishMuseumGroup2-min-1024x493.png 1024w, https:\/\/grasac.artsci.utoronto.ca\/wp-content\/uploads\/2020\/06\/BritishMuseumGroup2-min-300x144.png 300w, https:\/\/grasac.artsci.utoronto.ca\/wp-content\/uploads\/2020\/06\/BritishMuseumGroup2-min-768x370.png 768w, https:\/\/grasac.artsci.utoronto.ca\/wp-content\/uploads\/2020\/06\/BritishMuseumGroup2-min-1536x740.png 1536w, https:\/\/grasac.artsci.utoronto.ca\/wp-content\/uploads\/2020\/06\/BritishMuseumGroup2-min.png 1742w\" sizes=\"auto, (max-width: 880px) 100vw, 880px\" \/><figcaption>GRASAC researchers at the British Museum\u2019s Orsman Road Stores in 2007: Alan Corbiere, Bruce Morito, Robert Storrie, Lindsay Borrows, Heidi Bohaker, Stacey Loyer, Janis Monture, Cory Willmott, Laura Peers, Darlene Johnston, John Borrows and Ruth Phillips.<\/figcaption><\/figure>\n\n\n\n<figure class=\"wp-block-table is-style-stripes\"><table><tbody><tr><td>Bezoek Museum Volkenkunde<\/td><td>Leiden, Netherlands<\/td><td><a href=\"https:\/\/volkenkunde.nl\/\">https:\/\/volkenkunde.nl\/<\/a><\/td><\/tr><tr><td>Bristol City Museum and Art Gallery American Philosophical Society<\/td><td>Bristol, United Kingdom<\/td><td><a href=\"https:\/\/www.bristolmuseums.org.uk\/bristol-museum-and-art-gallery\/\">https:\/\/www.bristolmuseums.org.uk\/bristol-museum-and-art-gallery\/<\/a><\/td><\/tr><tr><td>Canadian Museum of History<\/td><td>Gatineau, Canada<\/td><td><a href=\"http:\/\/www.historymuseum.ca\/\">http:\/\/www.historymuseum.ca\/<\/a><\/td><\/tr><tr><td>Cranbrook Institute of Science<\/td><td>Bloomfield Hills, United States<\/td><td><a href=\"https:\/\/science.cranbrook.edu\/\">https:\/\/science.cranbrook.edu\/<\/a><\/td><\/tr><tr><td>Cuming Museum<\/td><td>London, United Kingdom<\/td><td><a href=\"http:\/\/www.southwark.gov.uk\/heritage-and-local-history\/cuming-museum\">http:\/\/www.southwark.gov.uk\/heritage-and-local-history\/cuming-museum<\/a><\/td><\/tr><tr><td>Denver Art Museum<\/td><td>Denver, United States<\/td><td><a href=\"http:\/\/denverartmuseum.org\/\">http:\/\/denverartmuseum.org\/<\/a><\/td><\/tr><tr><td>Detroit Institute of Arts<\/td><td>Detroit, United States<\/td><td><a href=\"https:\/\/www.dia.org\/\">https:\/\/www.dia.org\/<\/a><\/td><\/tr><tr><td>Ethnological Museum of Berlin<\/td><td>Berlin, Germany<\/td><td><a href=\"http:\/\/www.smb.museum\/en\/museums-institutions\/ethnologisches-museum\/home.html\">http:\/\/www.smb.museum\/en\/museums-institutions\/ethnologisches-museum\/home.html<\/a><\/td><\/tr><tr><td>Fenimore Art Museum<\/td><td>Cooperstown, United States<\/td><td><a href=\"http:\/\/www.fenimoreartmuseum.org\/\">http:\/\/www.fenimoreartmuseum.org\/<\/a><\/td><\/tr><tr><td>Florida Museum of Natural History<\/td><td>Gainesville, United States<\/td><td><a href=\"https:\/\/www.floridamuseum.ufl.edu\/\">https:\/\/www.floridamuseum.ufl.edu\/<\/a><\/td><\/tr><tr><td>Glasgow Museums Resource Centre<\/td><td>Glasgow, United Kingdom<\/td><td><a href=\"http:\/\/www.glasgowlife.org.uk\/museums\/gmrc\/Pages\/default.aspx\">http:\/\/www.glasgowlife.org.uk\/museums\/gmrc\/Pages\/default.aspx<\/a><\/td><\/tr><tr><td>Haffenreffer Museum of Anthropology, Brown University<\/td><td>Providence, United States<\/td><td><a href=\"https:\/\/www.brown.edu\/research\/facilities\/haffenreffer-museum\/\">https:\/\/www.brown.edu\/research\/facilities\/haffenreffer-museum\/<\/a><\/td><\/tr><tr><td>Historisches und V\u00f6lkerkundemuseum<\/td><td>St. Gallen, Switzerland<\/td><td><a href=\"http:\/\/www.hmsg.ch\/\">http:\/\/www.hmsg.ch\/<\/a><\/td><\/tr><tr><td>Little Traverse History Museum<\/td><td>Petoskey, United States<\/td><td><a href=\"http:\/\/www.petoskeymuseum.org\/\">http:\/\/www.petoskeymuseum.org\/<\/a><\/td><\/tr><tr><td>McCord Museum<\/td><td>Montreal, Canada<\/td><td><a href=\"http:\/\/www.musee-mccord.qc.ca\/en\/\">http:\/\/www.musee-mccord.qc.ca\/en\/<\/a><\/td><\/tr><tr><td>Missouri History Museum<\/td><td>St. Louis, United States<\/td><td><a href=\"https:\/\/mohistory.org\/\">https:\/\/mohistory.org\/<\/a><\/td><\/tr><tr><td>Mus\u00e9e du quai Branly<\/td><td>Paris, France<\/td><td><a href=\"http:\/\/www.quaibranly.fr\/en\/\">http:\/\/www.quaibranly.fr\/en\/<\/a><\/td><\/tr><tr><td>Mus\u00e9e d\u2019Ethnographie de&nbsp;Gen\u00e8ve<\/td><td>Geneva, Switzerland<\/td><td><a href=\"http:\/\/www.ville-ge.ch\/meg\/index.php\">www.ville-ge.ch\/meg\/index.php<\/a><\/td><\/tr><tr><td>Mus\u00e9e d\u2019Yverdon et r\u00e9gion<\/td><td>Yverdon-les-Bains, Switzerland<\/td><td><a href=\"http:\/\/www.musee-yverdon-region.ch\/\">http:\/\/www.musee-yverdon-region.ch<\/a><\/td><\/tr><tr><td>Museo di Antropologia Ed Etnologia<\/td><td>Florence, Italy<\/td><td><a href=\"http:\/\/museoantropologia.unito.it\/index.php\/it\/\">http:\/\/museoantropologia.unito.it\/index.php\/it\/<\/a><\/td><\/tr><tr><td>Museo di Scienze Naturali Enrico Caffi<\/td><td>Bergamo, Italy<\/td><td><a href=\"http:\/\/www.museoscienzebergamo.it\/web\/\">http:\/\/www.museoscienzebergamo.it\/web\/<\/a><\/td><\/tr><tr><td>Museo Nazionale Preistorico Etnografico Luigi Pigorini<\/td><td>Roma, Italy<\/td><td><a href=\"http:\/\/www.pigorini.beniculturali.it\/\">http:\/\/www.pigorini.beniculturali.it\/<\/a><\/td><\/tr><tr><td>Mus\u00e9um d\u2019Histoire Naturelle de La Rochelle<\/td><td>La Rochelle, France<\/td><td><a href=\"http:\/\/www.museum-larochelle.fr\/\">http:\/\/www.museum-larochelle.fr\/<\/a><\/td><\/tr><tr><td>Museum of Archaeology and Anthropology, University of Cambridge<\/td><td>Cambridge, United Kingdom<\/td><td><a href=\"http:\/\/maa.cam.ac.uk\/\">http:\/\/maa.cam.ac.uk\/<\/a><\/td><\/tr><tr><td>National Museum of Denmark<\/td><td>Copenhagen, Denmark<\/td><td><a href=\"http:\/\/en.natmus.dk\/\">http:\/\/en.natmus.dk\/<\/a><\/td><\/tr><tr><td>National Museum of Ireland<\/td><td>Dublin, Ireland<\/td><td><a href=\"http:\/\/www.museum.ie\/Home\">http:\/\/www.museum.ie\/Home<\/a><\/td><\/tr><tr><td>National Museum of Natural History, Smithsonian Institution<\/td><td>Washington, United States<\/td><td><a href=\"https:\/\/naturalhistory.si.edu\/\">https:\/\/naturalhistory.si.edu\/<\/a><\/td><\/tr><tr><td>National Museum of the American Indian<\/td><td>Washington, United States<\/td><td><a href=\"http:\/\/www.nmai.si.edu\/\">http:\/\/www.nmai.si.edu\/<\/a><\/td><\/tr><tr><td>National Museums Scotland<\/td><td>Edinburgh, United Kingdom<\/td><td><a href=\"http:\/\/www.nms.ac.uk\/\">http:\/\/www.nms.ac.uk\/<\/a><\/td><\/tr><tr><td>Peabody Essex Museum<\/td><td>Salem, United States<\/td><td><a href=\"https:\/\/www.pem.org\/\">https:\/\/www.pem.org\/<\/a><\/td><\/tr><tr><td>Peabody Museum of Archaeology and Ethnology<\/td><td>Cambridge, United States<\/td><td><a href=\"https:\/\/www.peabody.harvard.edu\/\">https:\/\/www.peabody.harvard.edu\/<\/a><\/td><\/tr><tr><td>Pitt Rivers Museum<\/td><td>Oxford, England<\/td><td><a href=\"https:\/\/www.prm.ox.ac.uk\/\">https:\/\/www.prm.ox.ac.uk\/<\/a><\/td><\/tr><tr><td>Pointe du Buisson Mus\u00e9e Qu\u00e9b\u00e9cois D\u2019Arch\u00e9ologie<\/td><td>Beauharnois, Quebec<\/td><td><a href=\"http:\/\/www.pointedubuisson.com\/\">http:\/\/www.pointedubuisson.com\/<\/a><\/td><\/tr><tr><td>Pomona College Museum of Art<\/td><td>Claremont, United States<\/td><td><a href=\"https:\/\/www.pomona.edu\/museum\/\">https:\/\/www.pomona.edu\/museum\/<\/a><\/td><\/tr><tr><td>Rochester Museum and Science Center<\/td><td>Rochester, United States<\/td><td><a href=\"http:\/\/www.rmsc.org\/\">http:\/\/www.rmsc.org\/<\/a><\/td><\/tr><tr><td>Royal Ontario Museum<\/td><td>Toronto, Canada<\/td><td><a href=\"http:\/\/www.rom.on.ca\/en\">http:\/\/www.rom.on.ca\/en<\/a><\/td><\/tr><tr><td>San Diego Museum of Man<\/td><td>San Diego, United States<\/td><td><a href=\"http:\/\/www.museumofman.org\/\">http:\/\/www.museumofman.org\/<\/a><\/td><\/tr><tr><td>The British Museum<\/td><td>London, United Kingdom<\/td><td><a href=\"http:\/\/www.britishmuseum.org\/\">http:\/\/www.britishmuseum.org\/<\/a><\/td><\/tr><tr><td>The Hunterian, the University of Glasgow<\/td><td>Glasgow, United Kingdom<\/td><td><a href=\"http:\/\/www.gla.ac.uk\/hunterian\/\">http:\/\/www.gla.ac.uk\/hunterian\/<\/a><\/td><\/tr><tr><td>The Manitoba Museum<\/td><td>Winnipeg, Canada<\/td><td><a href=\"https:\/\/manitobamuseum.ca\/main\/\">https:\/\/manitobamuseum.ca\/main\/<\/a><\/td><\/tr><tr><td>The University Museum, SIUE<\/td><td>Edwardsville, United States<\/td><td><a href=\"https:\/\/www.siue.edu\/community\/museum.shtml\">https:\/\/www.siue.edu\/community\/museum.shtml<\/a><\/td><\/tr><tr><td>U-M LSA Museum of Anthropology<\/td><td>Ann Arbor, United States<\/td><td><a href=\"https:\/\/lsa.umich.edu\/ummaa\">https:\/\/lsa.umich.edu\/ummaa<\/a><\/td><\/tr><tr><td>University of Pennsylvania Museum of Archaeology and Anthropology<\/td><td>Philadelphia, United States<\/td><td><a href=\"https:\/\/www.penn.museum\/\">https:\/\/www.penn.museum\/<\/a><\/td><\/tr><tr><td>Weltmuseum Wien<\/td><td>Vienna, Austria<\/td><td><a href=\"https:\/\/www.weltmuseumwien.at\/en\/\">https:\/\/www.weltmuseumwien.at\/en\/<\/a><\/td><\/tr><\/tbody><\/table><\/figure>\n\n\n\n<figure class=\"wp-block-image size-large is-resized\"><img loading=\"lazy\" decoding=\"async\" src=\"https:\/\/grasac.artsci.utoronto.ca\/wp-content\/uploads\/2020\/06\/Branly2014-2-1024x373.png\" alt=\"\" class=\"wp-image-500\" width=\"887\" height=\"323\" srcset=\"https:\/\/grasac.artsci.utoronto.ca\/wp-content\/uploads\/2020\/06\/Branly2014-2-1024x373.png 1024w, https:\/\/grasac.artsci.utoronto.ca\/wp-content\/uploads\/2020\/06\/Branly2014-2-300x109.png 300w, https:\/\/grasac.artsci.utoronto.ca\/wp-content\/uploads\/2020\/06\/Branly2014-2-768x280.png 768w, https:\/\/grasac.artsci.utoronto.ca\/wp-content\/uploads\/2020\/06\/Branly2014-2-1536x560.png 1536w, https:\/\/grasac.artsci.utoronto.ca\/wp-content\/uploads\/2020\/06\/Branly2014-2.png 2000w\" sizes=\"auto, (max-width: 887px) 100vw, 887px\" \/><figcaption>Studying the Great Lakes holdings at the mus\u00e9e du quai Branly in Paris: Mnawaate Corbiere, Paula Whitlow, Cory Willmott and Ruth Phillips (2013).<\/figcaption><\/figure>\n","protected":false},"excerpt":{"rendered":"<p>Since 2006, large and small teams of GRASAC researchers have had the privilege of travelling to study thousands of wonderful Great Lakes items, belongings and beings at a number of cultural repositories around the world. Below is a list of some of the institutions GRASAC research teams have visited. We are grateful to all of&#8230;<\/p>\n<p><a class=\"more-link\" href=\"https:\/\/grasac.artsci.utoronto.ca\/?page_id=76\">Read More<\/a><\/p>\n","protected":false},"author":3,"featured_media":0,"parent":0,"menu_order":0,"comment_status":"closed","ping_status":"closed","template":"","meta":{"_genesis_hide_title":false,"_genesis_hide_breadcrumbs":false,"_genesis_hide_singular_image":false,"_genesis_hide_footer_widgets":false,"_genesis_custom_body_class":"","_genesis_custom_post_class":"","_genesis_layout":"","footnotes":""},"class_list":{"0":"post-76","1":"page","2":"type-page","3":"status-publish","5":"entry","6":"has-post-thumbnail"},"_links":{"self":[{"href":"https:\/\/grasac.artsci.utoronto.ca\/index.php?rest_route=\/wp\/v2\/pages\/76","targetHints":{"allow":["GET"]}}],"collection":[{"href":"https:\/\/grasac.artsci.utoronto.ca\/index.php?rest_route=\/wp\/v2\/pages"}],"about":[{"href":"https:\/\/grasac.artsci.utoronto.ca\/index.php?rest_route=\/wp\/v2\/types\/page"}],"author":[{"embeddable":true,"href":"https:\/\/grasac.artsci.utoronto.ca\/index.php?rest_route=\/wp\/v2\/users\/3"}],"replies":[{"embeddable":true,"href":"https:\/\/grasac.artsci.utoronto.ca\/index.php?rest_route=%2Fwp%2Fv2%2Fcomments&post=76"}],"version-history":[{"count":9,"href":"https:\/\/grasac.artsci.utoronto.ca\/index.php?rest_route=\/wp\/v2\/pages\/76\/revisions"}],"predecessor-version":[{"id":686,"href":"https:\/\/grasac.artsci.utoronto.ca\/index.php?rest_route=\/wp\/v2\/pages\/76\/revisions\/686"}],"wp:attachment":[{"href":"https:\/\/grasac.artsci.utoronto.ca\/index.php?rest_route=%2Fwp%2Fv2%2Fmedia&parent=76"}],"curies":[{"name":"wp","href":"https:\/\/api.w.org\/{rel}","templated":true}]}}